*v + 12. What is the thousands digit of c(2)?
1
Let z(x) = x**3 + 7*x**2 - 2*x + 3. Let l be z(-7). Suppose l*r = 1062 + 1403. What is the units digit of r?
5
Suppose -4*k = 4, -k + 74 = -4*d - 17. Suppose -8*a + 260 = 2*a. Let c = d + a. What is the units digit of c?
3
Let q(k) = -4*k**2 + 21*k + 33. Let i(o) = 11*o**2 - 63*o - 98. Let c(y) = -6*i(y) - 17*q(y). What is the units digit of c(-11)?
8
Let d = -10 - -14. Let b be (-8)/16 - (-94)/d. Suppose -4*k + 31 = -n + 10, -5*k + b = 2*n. What is the units digit of k?
5
Suppose 3*g = -4*i + 14836, 26*g - 9884 = 24*g + 4*i. What is the tens digit of g?
4
Let t(m) = 84*m - 5. What is the hundreds digit of t(5)?
4
What is the tens digit of 1174 - (-5 - -8) - -6?
7
Let x(s) = 3*s**2 - 9*s**2 + 0 - 3*s**2 - s**3 - 8*s - 8. Let h be x(-9). Suppose 4*w - h = 20. What is the units digit of w?
1
Let t(s) = -3*s - s + 3*s**3 + 0*s**3 - 1. Let r(f) = -f**2 + 5*f - 1. Let d be r(4). What is the units digit of t(d)?
8
Suppose -11364 = -4*y - 956. What is the hundreds digit of y?
6
Let k be (-1)/2*570/(-19). What is the units digit of 1 + 2 + -3 + k?
5
Let q(m) = 8*m**2 + 11*m - 9. What is the thousands digit of q(13)?
1
Let y be 266 + (-2 - (1 - 1)). Let p = -182 + y. What is the tens digit of p?
8
Let g be 1/(2/2) + 69. What is the units digit of 2/9 - g/(-9)?
8
Suppose 4*t = -n + 124, 0 = -5*n + 3*t + 2*t + 620. Suppose 5*l = 96 + n. What is the tens digit of l?
4
Let n be (-216)/21*(-21)/6. Let r = -3 + 15. Let i = n - r. What is the tens digit of i?
2
Let u be 4/(1 + 3) + -101. Let l be (1/(-2))/((-5)/u). What is the units digit of -72*(l/(-3) + -4)?
8
Let z = -205 - -752. What is the hundreds digit of z?
5
Suppose 34*j = 21*j + 2353. What is the units digit of j?
1
Suppose 0 = a - 4*d - 12 - 7, 4*d = 3*a - 25. What is the tens digit of (-3)/(a - 525/170)?
3
Let x = 21 + -13. Suppose -t + 8 = 2*h - h, -2*t = -x. Suppose -v + h*v - 2*p = 35, 15 = v - 4*p. What is the tens digit of v?
1
Suppose 3*g = k + 14, -3*g + 4*k = -4*g + 9. Suppose 0*t - g*t = 5. Let b = t + 56. What is the tens digit of b?
5
Let a be (-2)/(-4) - 1666/(-28). Let k = -24 + 46. Suppose a = 26*r - k*r. What is the tens digit of r?
1
Suppose -4*h + 1933 = 3*c - 7568, 0 = h. What is the hundreds digit of c?
1
Suppose g - 78*l = -79*l + 2806, l = -1. What is the tens digit of g?
0
Let b(l) = -l - 5. Let q be b(-7). Suppose 0 = 4*a - 3*z - 34, -3*z = q*z + 10. Suppose -v - 1 = -a. What is the units digit of v?
6
What is the tens digit of (-2)/13 + -6 + 21692/52?
1
Let w(l) be the third derivative of 7*l**4/8 + 14*l**3/3 + 15*l**2 - 2. What is the hundreds digit of w(4)?
1
Let b be 3/(-3)*-4 - -13. Let m = b - 10. Suppose 12 = -4*g, -4*r + 2*g = m*g - 17. What is the units digit of r?
8
Let l(v) = -7*v**3 - 10*v**2 - 25*v - 6. What is the units digit of l(-7)?
0
Let j(p) = p + 8. Let a be j(-7). Let z(n) = -a - 6*n - 2*n**3 + 4*n + 3*n**2 + n**3 + 2*n**2. What is the units digit of z(2)?
7
Let t = 25 + -20. Suppose -3*f = -5*k + 2 + 12, 5*k - 30 = -t*f. Suppose k*i - 2*o - o - 143 = 0, -2*i = -5*o - 75. What is the tens digit of i?
3
Let l(z) = 259*z - 575. What is the tens digit of l(14)?
5
Let s = 590 + -270. Suppose 18*g - 14*g - s = 0. What is the units digit of g?
0
Suppose -3*h + 4 - 1 = 0. Let z(t) = 4*t. Let f be z(h). Suppose -143 = -5*l - f*b, -b + 112 = 4*l + b. What is the tens digit of l?
2
Let i(l) = 5*l**2 - 11*l - 6. Suppose -2*x - 24 = -4*a - 4, 10 = 2*a - 5*x. What is the units digit of i(a)?
4
Suppose -112*p - 2 = -110*p. What is the tens digit of (-2)/p - 0 - (10 + -47)?
3
Let t(d) = d**3 + 7*d**2 + 4*d + 4. Suppose 2*v + 2*z = -14, 3*z + 0*z + 18 = -2*v. What is the units digit of t(v)?
8
Let l = 1624 + -564. What is the hundreds digit of l?
0
Let x(p) = -74*p + 33. What is the hundreds digit of x(-3)?
2
Let p = 72 + 54. Suppose -r = -3*l + 2*r + 189, 2*l + r - p = 0. What is the tens digit of l?
6
Let f(m) = 11*m**2 + m - 2. What is the units digit of f(2)?
4
Let v(j) = 193*j + 439. What is the units digit of v(12)?
5
Let p(l) = 655*l - 26. What is the units digit of p(1)?
9
What is the tens digit of (276/(-10))/((-6)/15)?
6
Suppose 0 = 14*q - 25191 + 9413. What is the hundreds digit of q?
1
Suppose 5*p - 24 = 11. Suppose -v + 3 = p, 4*v + 420 = 4*g. What is the units digit of g?
1
Let w = -883 - -1628. What is the tens digit of w?
4
Let n = -54 - -59. Suppose -f + n*g = -167, 0*g - 2*g - 436 = -3*f. What is the tens digit of f?
4
Let o(r) = -r**3 - 10*r**2 + 11*r + 6. Let l be o(-11). Suppose 10*f - 56 = l*f. What is the units digit of f?
4
Let u be (-6)/(-15) - 43/(-5). Let r(t) = -3*t + 3. Let h(n) = n - 2. Let v(y) = -5*h(y) - 3*r(y). What is the units digit of v(u)?
7
Let m be -38*(-2)/(-16)*-8. Suppose b - m = -b. Suppose 4*i - b = -5*u, 5*u + 4*i = -i + 20. What is the units digit of u?
3
Suppose 4*a = -4*f - 124, a + 32 = -5*f - 127. What is the tens digit of (2 + f/20)*115?
4
Let f(i) = -458*i - 77. What is the thousands digit of f(-4)?
1
Let z(d) = 4*d**2 + 11*d - 7. Let r be z(5). Suppose 5*q + 322 = -r. Let f = 133 + q. What is the units digit of f?
9
Suppose w = -5*o + 952, 3*w - 4700 = -2*w + 5*o. What is the hundreds digit of w?
9
Let c = 90 - -168. What is the units digit of c?
8
Let a = 5340 + -2799. What is the hundreds digit of a?
5
Let g(x) = -x**3 - 6*x**2 + 5*x - 8. Let w be 4/2 - (-32 - -5). Suppose -2 = i + 5*d, w = -4*i - 0*d + d. What is the units digit of g(i)?
6
Let o be (205/(-82))/(1 + 3/(-2)). What is the hundreds digit of (o/(-1))/5 + 179?
1
Suppose u + 2*d - 43 = -0*u, 4*d = 5*u - 243. Let m = 86 - u. What is the units digit of m?
9
Suppose z + 6*z - 35 = 0. Suppose 3*s + 3*h + 117 = 288, 0 = z*s + 3*h - 289. What is the units digit of s?
9
Let j = -71 + 72. Let s(k) = 113*k**3 + k**2. What is the hundreds digit of s(j)?
1
Let j(i) = -77*i**2 - 7*i - 6. Let c(o) = o + 1. Let t(r) = -5*c(r) - j(r). What is the units digit of t(-1)?
6
Let z be 476/(-51) + 2/6. Suppose 0*p = p + 5*w - 31, -5*p + 71 = 4*w. Let f = p + z. What is the units digit of f?
2
Let g = 118 - 52. Let u = 165 - 211. Let t = g + u. What is the tens digit of t?
2
Let t(k) = 3*k**2 - 17*k - 69. What is the units digit of t(18)?
7
Let c = -593 + 1036. What is the units digit of c?
3
What is the units digit of (-32)/(-6)*1365/70?
4
Suppose y + y = -5*r - 16, 4 = -4*y - 3*r. Suppose -3*m = y*q - 651, -2*m - 642 = -5*m + q. What is the units digit of m?
5
Let b(v) = 18*v - 81. Let m be b(4). Let k = -118 + 241. What is the tens digit of (6/m)/((-2)/k)?
4
Suppose -2*b = 4*x - 1831 - 401, -3*b + 3345 = 5*x. What is the thousands digit of b?
1
Suppose 12571 + 2417 = 4*y. What is the tens digit of y?
4
Let n be 0/(-2 + 0) + 7. Suppose 3*t = 47 + n. Let f = 2 + t. What is the units digit of f?
0
Let t(o) = o**2 + 13*o + 14. Let s(k) = k**3 - k**2 - k - 8. Let z be s(0). Let h be z/60 + 178/(-15). What is the units digit of t(h)?
2
Suppose -8*q + r = -10*q + 3165, -3145 = -2*q - 5*r. What is the units digit of q?
5
Suppose 8*n - 15859 = 293. What is the thousands digit of n?
2
Let i be (-1)/(-3)*(42 + 0). Let d = -12 + i. Suppose 2*c = -4*n + d - 0, -4*c - 5*n + 16 = 0. What is the units digit of c?
9
Suppose o - 5 + 3 = 0. Suppose 0*d = o*d - 5*x - 156, 2*d + 4*x = 174. What is the tens digit of d?
8
Suppose -5*r = 2*f - 2178, -2*r = 3*r. What is the thousands digit of f?
1
Let m(j) = j**2 - 11*j - 7. Let h be m(11). Let w(k) = -12*k - 17. What is the tens digit of w(h)?
6
Let r be (1 - 3)*(-38)/(-4). Let d = r - -25. What is the units digit of d?
6
Suppose -2*p = -36 - 192. Let q be p/(-4) - 6/4. What is the units digit of 3 - -1 - (7 + q)?
7
Let y be -12*77 + -1 + (-6)/6. What is the units digit of (-13)/(-52) - y/8?
6
Let g(r) = -r + 10. Let y be (-678)/(-24) + (-1)/4. Let z = y - 21. What is the units digit of g(z)?
3
Suppose 14 + 6 = 4*i. Suppose -25 = i*l, 5*l - 4*l = -n + 11. What is the units digit of (-129)/(-4) + (-4)/n?
2
Let i = 11 + -17. Let g be 4/i + 128/12. Suppose g + 53 = 3*b. What is the units digit of b?
1
Suppose -3*u = 5*z - 7*z + 31, 4*u = 2*z - 28. Suppose z = p - 29. What is the tens digit of p?
4
What is the hundreds digit of 8*13/(-156) - (-11122)/6?
8
Let n(c) = 7*c**2 + 9*c - 149. What is the u